{"id":2718,"date":"2025-02-20T15:09:50","date_gmt":"2025-02-20T14:09:50","guid":{"rendered":"https:\/\/villa-marcam.com\/?page_id=2718"},"modified":"2025-02-20T15:15:33","modified_gmt":"2025-02-20T14:15:33","slug":"mentions-legales","status":"publish","type":"page","link":"https:\/\/villa-marcam.com\/fr_fr\/mentions-legales\/","title":{"rendered":"Sanary sur Mer"},"content":{"rendered":"\t\t<div data-elementor-type=\"wp-page\" data-elementor-id=\"2718\" class=\"elementor elementor-2718\" data-elementor-post-type=\"page\">\n\t\t\t\t\t\t<section class=\"elementor-section elementor-top-section elementor-element elementor-element-2610a41 elementor-section-boxed elementor-section-height-default elementor-section-height-default\" data-id=\"2610a41\" data-element_type=\"section\" data-e-type=\"section\">\n\t\t\t\t\t\t<div class=\"elementor-container elementor-column-gap-default\">\n\t\t\t\t\t<div class=\"elementor-column elementor-col-100 elementor-top-column elementor-element elementor-element-0bb5e8e\" data-id=\"0bb5e8e\" data-element_type=\"column\" data-e-type=\"column\">\n\t\t\t<div class=\"elementor-widget-wrap elementor-element-populated\">\n\t\t\t\t\t\t<div class=\"elementor-element elementor-element-40f549f elementor-widget elementor-widget-text-editor\" data-id=\"40f549f\" data-element_type=\"widget\" data-e-type=\"widget\" data-widget_type=\"text-editor.default\">\n\t\t\t\t<div class=\"elementor-widget-container\">\n\t\t\t\t\t\t\t\t\t<p data-pm-slice=\"1 1 []\"><strong>Mentions L\u00e9gales<\/strong><\/p><p><strong>1. \u00c9diteur du site<\/strong> Le site internet <strong>Villa Marcam<\/strong> est \u00e9dit\u00e9 par :<\/p><ul data-spread=\"false\"><li><strong>Nom de l&rsquo;entreprise<\/strong> : Villa Marcam<\/li><li><strong>Activit\u00e9<\/strong> : Location Vacances, location Saisonni\u00e8re \u00e0 Sanary sur Mer, VAR<\/li><li><strong>Adresse e-mail<\/strong> : <a href=\"mailto:contact@villa-marcam.com\">contact@villa-marcam.com<\/a><\/li><\/ul><p><strong>2. H\u00e9bergement du site<\/strong> Le site est h\u00e9berg\u00e9 par :<\/p><ul data-spread=\"false\"><li><strong>H\u00e9bergeur<\/strong> : O2 Switch<\/li><li><strong>Adresse<\/strong> : Chem. des Pardiaux, 63000 Clermont-Ferrand, France<\/li><li><strong>Site web<\/strong> : <a>https:\/\/www.o2switch.fr<\/a><\/li><\/ul><p><strong>3. Propri\u00e9t\u00e9 intellectuelle<\/strong> L\u2019ensemble des \u00e9l\u00e9ments constituant le site <a>www.villa-marcam.com<\/a> (textes, graphismes, logo, etc.) est la propri\u00e9t\u00e9 exclusive de Villa Marcam et de <strong><a href=\"https:\/\/www.reinke-production.com\/fr_fr\/\" target=\"_blank\" rel=\"noopener\">Reinke-Production<\/a><\/strong> pour les photos et images, sauf mention contraire. Toute reproduction, distribution ou utilisation sans autorisation est interdite.<\/p><p><strong>4. Responsabilit\u00e9<\/strong> Villa Marcam s\u2019efforce de fournir des informations pr\u00e9cises et mises \u00e0 jour sur son site. Toutefois, l\u2019\u00e9diteur ne saurait \u00eatre tenu responsable d\u2019\u00e9ventuelles erreurs ou omissions.<\/p><p><strong>5. Donn\u00e9es personnelles<\/strong> Le site peut collecter certaines donn\u00e9es personnelles via les formulaires de contact. Ces donn\u00e9es sont utilis\u00e9es uniquement dans le cadre de la relation avec les utilisateurs et ne sont pas transmises \u00e0 des tiers. Conform\u00e9ment au R\u00e8glement G\u00e9n\u00e9ral sur la Protection des Donn\u00e9es (RGPD), vous disposez d\u2019un droit d\u2019acc\u00e8s, de rectification et de suppression de vos donn\u00e9es personnelles en envoyant une demande \u00e0 <a href=\"mailto:contact@villa-marcam.com\"><strong>contact@villa-marcam.com<\/strong><\/a>.<\/p><p><strong>6. Cookies<\/strong> Le site peut utiliser des cookies afin d\u2019am\u00e9liorer l\u2019exp\u00e9rience utilisateur. Vous pouvez configurer votre navigateur pour refuser ou supprimer ces cookies.<\/p><p><strong>7. Contact<\/strong> Pour toute question ou demande d\u2019information, vous pouvez nous contacter \u00e0 <a href=\"mailto:contact@villa-marcam.com\"><strong>contact@villa-marcam.com<\/strong><\/a>.<\/p>\t\t\t\t\t\t\t\t<\/div>\n\t\t\t\t<\/div>\n\t\t\t\t\t<\/div>\n\t\t<\/div>\n\t\t\t\t\t<\/div>\n\t\t<\/section>\n\t\t\t\t<\/div>\n\t\t","protected":false},"excerpt":{"rendered":"<p>Mentions L\u00e9gales 1. \u00c9diteur du site Le site internet Villa Marcam est \u00e9dit\u00e9 par : Nom de l&rsquo;entreprise : Villa Marcam Activit\u00e9 : Location Vacances, location Saisonni\u00e8re \u00e0 Sanary sur Mer, VAR Adresse e-mail : contact@villa-marcam.com 2. H\u00e9bergement du site &hellip; <a href=\"https:\/\/villa-marcam.com\/fr_fr\/mentions-legales\/\">Read More<\/a><\/p>\n","protected":false},"author":1,"featured_media":0,"parent":0,"menu_order":0,"comment_status":"closed","ping_status":"closed","template":"","meta":{"footnotes":""},"class_list":["post-2718","page","type-page","status-publish","hentry"],"yoast_head":"<!-- This site is optimized with the Yoast SEO Premium plugin v20.5 (Yoast SEO v27.5) - https:\/\/yoast.com\/product\/yoast-seo-premium-wordpress\/ -->\n<title>Sanary sur Mer - Villa Marcam<\/title>\n<meta name=\"description\" content=\"Sanary-sur-Mer est une commune fran\u00e7aise et une station baln\u00e9aire situ\u00e9e dans le d\u00e9partement du Var, en r\u00e9gion Provence-Alpes-C\u00f4te d&#039;Azur.\" \/>\n<meta name=\"robots\" content=\"index, follow, max-snippet:-1, max-image-preview:large, max-video-preview:-1\" \/>\n<link rel=\"canonical\" href=\"https:\/\/villa-marcam.com\/fr_fr\/mentions-legales\/\" \/>\n<meta property=\"og:locale\" content=\"fr_FR\" \/>\n<meta property=\"og:type\" content=\"article\" \/>\n<meta property=\"og:title\" content=\"Sanary sur Mer\" \/>\n<meta property=\"og:description\" content=\"Sanary-sur-Mer est une commune fran\u00e7aise et une station baln\u00e9aire situ\u00e9e dans le d\u00e9partement du Var, en r\u00e9gion Provence-Alpes-C\u00f4te d&#039;Azur.\" \/>\n<meta property=\"og:url\" content=\"https:\/\/villa-marcam.com\/fr_fr\/mentions-legales\/\" \/>\n<meta property=\"og:site_name\" content=\"Villa Marcam\" \/>\n<meta property=\"article:modified_time\" content=\"2025-02-20T14:15:33+00:00\" \/>\n<meta property=\"og:image\" content=\"https:\/\/villa-marcam.com\/wp-content\/uploads\/2022\/02\/Villa-Marcam-Sanary-sur-Mer-11-2021-06-scaled.jpg\" \/>\n\t<meta property=\"og:image:width\" content=\"2560\" \/>\n\t<meta property=\"og:image:height\" content=\"1708\" \/>\n\t<meta property=\"og:image:type\" content=\"image\/jpeg\" \/>\n<meta name=\"twitter:card\" content=\"summary_large_image\" \/>\n<meta name=\"twitter:label1\" content=\"Dur\u00e9e de lecture estim\u00e9e\" \/>\n\t<meta name=\"twitter:data1\" content=\"2 minutes\" \/>\n<script type=\"application\/ld+json\" class=\"yoast-schema-graph\">{\"@context\":\"https:\\\/\\\/schema.org\",\"@graph\":[{\"@type\":\"WebPage\",\"@id\":\"https:\\\/\\\/villa-marcam.com\\\/mentions-legales\\\/\",\"url\":\"https:\\\/\\\/villa-marcam.com\\\/mentions-legales\\\/\",\"name\":\"Sanary sur Mer - Villa Marcam\",\"isPartOf\":{\"@id\":\"https:\\\/\\\/villa-marcam.com\\\/#website\"},\"datePublished\":\"2025-02-20T14:09:50+00:00\",\"dateModified\":\"2025-02-20T14:15:33+00:00\",\"description\":\"Sanary-sur-Mer est une commune fran\u00e7aise et une station baln\u00e9aire situ\u00e9e dans le d\u00e9partement du Var, en r\u00e9gion Provence-Alpes-C\u00f4te d'Azur.\",\"breadcrumb\":{\"@id\":\"https:\\\/\\\/villa-marcam.com\\\/mentions-legales\\\/#breadcrumb\"},\"inLanguage\":\"fr-FR\",\"potentialAction\":[{\"@type\":\"ReadAction\",\"target\":[\"https:\\\/\\\/villa-marcam.com\\\/mentions-legales\\\/\"]}]},{\"@type\":\"BreadcrumbList\",\"@id\":\"https:\\\/\\\/villa-marcam.com\\\/mentions-legales\\\/#breadcrumb\",\"itemListElement\":[{\"@type\":\"ListItem\",\"position\":1,\"name\":\"Accueil\",\"item\":\"https:\\\/\\\/villa-marcam.com\\\/fr_fr\\\/\"},{\"@type\":\"ListItem\",\"position\":2,\"name\":\"Sanary sur Mer\"}]},{\"@type\":\"WebSite\",\"@id\":\"https:\\\/\\\/villa-marcam.com\\\/#website\",\"url\":\"https:\\\/\\\/villa-marcam.com\\\/\",\"name\":\"Villa Marcam\",\"description\":\"Location saisonni\u00e8re \u00e0 Sanary sur Mer dans le Sud de la France\",\"potentialAction\":[{\"@type\":\"SearchAction\",\"target\":{\"@type\":\"EntryPoint\",\"urlTemplate\":\"https:\\\/\\\/villa-marcam.com\\\/?s={search_term_string}\"},\"query-input\":{\"@type\":\"PropertyValueSpecification\",\"valueRequired\":true,\"valueName\":\"search_term_string\"}}],\"inLanguage\":\"fr-FR\"}]}<\/script>\n<!-- \/ Yoast SEO Premium plugin. -->","yoast_head_json":{"title":"Sanary sur Mer - Villa Marcam","description":"Sanary-sur-Mer est une commune fran\u00e7aise et une station baln\u00e9aire situ\u00e9e dans le d\u00e9partement du Var, en r\u00e9gion Provence-Alpes-C\u00f4te d'Azur.","robots":{"index":"index","follow":"follow","max-snippet":"max-snippet:-1","max-image-preview":"max-image-preview:large","max-video-preview":"max-video-preview:-1"},"canonical":"https:\/\/villa-marcam.com\/fr_fr\/mentions-legales\/","og_locale":"fr_FR","og_type":"article","og_title":"Sanary sur Mer","og_description":"Sanary-sur-Mer est une commune fran\u00e7aise et une station baln\u00e9aire situ\u00e9e dans le d\u00e9partement du Var, en r\u00e9gion Provence-Alpes-C\u00f4te d'Azur.","og_url":"https:\/\/villa-marcam.com\/fr_fr\/mentions-legales\/","og_site_name":"Villa Marcam","article_modified_time":"2025-02-20T14:15:33+00:00","og_image":[{"width":2560,"height":1708,"url":"https:\/\/villa-marcam.com\/wp-content\/uploads\/2022\/02\/Villa-Marcam-Sanary-sur-Mer-11-2021-06-scaled.jpg","type":"image\/jpeg"}],"twitter_card":"summary_large_image","twitter_misc":{"Dur\u00e9e de lecture estim\u00e9e":"2 minutes"},"schema":{"@context":"https:\/\/schema.org","@graph":[{"@type":"WebPage","@id":"https:\/\/villa-marcam.com\/mentions-legales\/","url":"https:\/\/villa-marcam.com\/mentions-legales\/","name":"Sanary sur Mer - Villa Marcam","isPartOf":{"@id":"https:\/\/villa-marcam.com\/#website"},"datePublished":"2025-02-20T14:09:50+00:00","dateModified":"2025-02-20T14:15:33+00:00","description":"Sanary-sur-Mer est une commune fran\u00e7aise et une station baln\u00e9aire situ\u00e9e dans le d\u00e9partement du Var, en r\u00e9gion Provence-Alpes-C\u00f4te d'Azur.","breadcrumb":{"@id":"https:\/\/villa-marcam.com\/mentions-legales\/#breadcrumb"},"inLanguage":"fr-FR","potentialAction":[{"@type":"ReadAction","target":["https:\/\/villa-marcam.com\/mentions-legales\/"]}]},{"@type":"BreadcrumbList","@id":"https:\/\/villa-marcam.com\/mentions-legales\/#breadcrumb","itemListElement":[{"@type":"ListItem","position":1,"name":"Accueil","item":"https:\/\/villa-marcam.com\/fr_fr\/"},{"@type":"ListItem","position":2,"name":"Sanary sur Mer"}]},{"@type":"WebSite","@id":"https:\/\/villa-marcam.com\/#website","url":"https:\/\/villa-marcam.com\/","name":"Villa Marcam","description":"Location saisonni\u00e8re \u00e0 Sanary sur Mer dans le Sud de la France","potentialAction":[{"@type":"SearchAction","target":{"@type":"EntryPoint","urlTemplate":"https:\/\/villa-marcam.com\/?s={search_term_string}"},"query-input":{"@type":"PropertyValueSpecification","valueRequired":true,"valueName":"search_term_string"}}],"inLanguage":"fr-FR"}]}},"_links":{"self":[{"href":"https:\/\/villa-marcam.com\/fr_fr\/wp-json\/wp\/v2\/pages\/2718","targetHints":{"allow":["GET"]}}],"collection":[{"href":"https:\/\/villa-marcam.com\/fr_fr\/wp-json\/wp\/v2\/pages"}],"about":[{"href":"https:\/\/villa-marcam.com\/fr_fr\/wp-json\/wp\/v2\/types\/page"}],"author":[{"embeddable":true,"href":"https:\/\/villa-marcam.com\/fr_fr\/wp-json\/wp\/v2\/users\/1"}],"replies":[{"embeddable":true,"href":"https:\/\/villa-marcam.com\/fr_fr\/wp-json\/wp\/v2\/comments?post=2718"}],"version-history":[{"count":22,"href":"https:\/\/villa-marcam.com\/fr_fr\/wp-json\/wp\/v2\/pages\/2718\/revisions"}],"predecessor-version":[{"id":2740,"href":"https:\/\/villa-marcam.com\/fr_fr\/wp-json\/wp\/v2\/pages\/2718\/revisions\/2740"}],"wp:attachment":[{"href":"https:\/\/villa-marcam.com\/fr_fr\/wp-json\/wp\/v2\/media?parent=2718"}],"curies":[{"name":"wp","href":"https:\/\/api.w.org\/{rel}","templated":true}]}}

<div data-elementor-type="wp-page" data-elementor-id="2718" class="elementor elementor-2718" data-elementor-post-type="page">
						<section class="elementor-section elementor-top-section elementor-element elementor-element-2610a41 elementor-section-boxed elementor-section-height-default elementor-section-height-default" data-id="2610a41" data-element_type="section" data-e-type="section">
						<div class="elementor-container elementor-column-gap-default">
					<div class="elementor-column elementor-col-100 elementor-top-column elementor-element elementor-element-0bb5e8e" data-id="0bb5e8e" data-element_type="column" data-e-type="column">
			<div class="elementor-widget-wrap elementor-element-populated">
						<div class="elementor-element elementor-element-40f549f elementor-widget elementor-widget-text-editor" data-id="40f549f" data-element_type="widget" data-e-type="widget" data-widget_type="text-editor.default">
				<div class="elementor-widget-container">
									<p data-pm-slice="1 1 []"><strong>Mentions Légales</strong></p><p><strong>1. Éditeur du site</strong> Le site internet <strong>Villa Marcam</strong> est édité par :</p><ul data-spread="false"><li><strong>Nom de l&rsquo;entreprise</strong> : Villa Marcam</li><li><strong>Activité</strong> : Location Vacances, location Saisonnière à Sanary sur Mer, VAR</li><li><strong>Adresse e-mail</strong> : <a href="mailto:contact@villa-marcam.com">contact@villa-marcam.com</a></li></ul><p><strong>2. Hébergement du site</strong> Le site est hébergé par :</p><ul data-spread="false"><li><strong>Hébergeur</strong> : O2 Switch</li><li><strong>Adresse</strong> : Chem. des Pardiaux, 63000 Clermont-Ferrand, France</li><li><strong>Site web</strong> : <a>https://www.o2switch.fr</a></li></ul><p><strong>3. Propriété intellectuelle</strong> L’ensemble des éléments constituant le site <a>www.villa-marcam.com</a> (textes, graphismes, logo, etc.) est la propriété exclusive de Villa Marcam et de <strong><a href="https://www.reinke-production.com/fr_fr/" target="_blank" rel="noopener">Reinke-Production</a></strong> pour les photos et images, sauf mention contraire. Toute reproduction, distribution ou utilisation sans autorisation est interdite.</p><p><strong>4. Responsabilité</strong> Villa Marcam s’efforce de fournir des informations précises et mises à jour sur son site. Toutefois, l’éditeur ne saurait être tenu responsable d’éventuelles erreurs ou omissions.</p><p><strong>5. Données personnelles</strong> Le site peut collecter certaines données personnelles via les formulaires de contact. Ces données sont utilisées uniquement dans le cadre de la relation avec les utilisateurs et ne sont pas transmises à des tiers. Conformément au Règlement Général sur la Protection des Données (RGPD), vous disposez d’un droit d’accès, de rectification et de suppression de vos données personnelles en envoyant une demande à <a href="mailto:contact@villa-marcam.com"><strong>contact@villa-marcam.com</strong></a>.</p><p><strong>6. Cookies</strong> Le site peut utiliser des cookies afin d’améliorer l’expérience utilisateur. Vous pouvez configurer votre navigateur pour refuser ou supprimer ces cookies.</p><p><strong>7. Contact</strong> Pour toute question ou demande d’information, vous pouvez nous contacter à <a href="mailto:contact@villa-marcam.com"><strong>contact@villa-marcam.com</strong></a>.</p>								</div>
				</div>
					</div>
		</div>
					</div>
		</section>
				</div>

<p>Mentions Légales 1. Éditeur du site Le site internet Villa Marcam est édité par : Nom de l&rsquo;entreprise : Villa Marcam Activité : Location Vacances, location Saisonnière à Sanary sur Mer, VAR Adresse e-mail : contact@villa-marcam.com 2. Hébergement du site &hellip; <a href="https://villa-marcam.com/fr_fr/mentions-legales/">Read More</a></p>

<!-- This site is optimized with the Yoast SEO Premium plugin v20.5 (Yoast SEO v27.5) - https://yoast.com/product/yoast-seo-premium-wordpress/ -->
<title>Sanary sur Mer - Villa Marcam</title>
<meta name="description" content="Sanary-sur-Mer est une commune française et une station balnéaire située dans le département du Var, en région Provence-Alpes-Côte d&#039;Azur." />
<meta name="robots" content="index, follow, max-snippet:-1, max-image-preview:large, max-video-preview:-1" />
<link rel="canonical" href="https://villa-marcam.com/fr_fr/mentions-legales/" />
<meta property="og:locale" content="fr_FR" />
<meta property="og:type" content="article" />
<meta property="og:title" content="Sanary sur Mer" />
<meta property="og:description" content="Sanary-sur-Mer est une commune française et une station balnéaire située dans le département du Var, en région Provence-Alpes-Côte d&#039;Azur." />
<meta property="og:url" content="https://villa-marcam.com/fr_fr/mentions-legales/" />
<meta property="og:site_name" content="Villa Marcam" />
<meta property="article:modified_time" content="2025-02-20T14:15:33+00:00" />
<meta property="og:image" content="https://villa-marcam.com/wp-content/uploads/2022/02/Villa-Marcam-Sanary-sur-Mer-11-2021-06-scaled.jpg" />
	<meta property="og:image:width" content="2560" />
	<meta property="og:image:height" content="1708" />
	<meta property="og:image:type" content="image/jpeg" />
<meta name="twitter:card" content="summary_large_image" />
<meta name="twitter:label1" content="Durée de lecture estimée" />
	<meta name="twitter:data1" content="2 minutes" />
<script type="application/ld+json" class="yoast-schema-graph">{"@context":"https:\/\/schema.org","@graph":[{"@type":"WebPage","@id":"https:\/\/villa-marcam.com\/mentions-legales\/","url":"https:\/\/villa-marcam.com\/mentions-legales\/","name":"Sanary sur Mer - Villa Marcam","isPartOf":{"@id":"https:\/\/villa-marcam.com\/#website"},"datePublished":"2025-02-20T14:09:50+00:00","dateModified":"2025-02-20T14:15:33+00:00","description":"Sanary-sur-Mer est une commune française et une station balnéaire située dans le département du Var, en région Provence-Alpes-Côte d'Azur.","breadcrumb":{"@id":"https:\/\/villa-marcam.com\/mentions-legales\/#breadcrumb"},"inLanguage":"fr-FR","potentialAction":[{"@type":"ReadAction","target":["https:\/\/villa-marcam.com\/mentions-legales\/"]}]},{"@type":"BreadcrumbList","@id":"https:\/\/villa-marcam.com\/mentions-legales\/#breadcrumb","itemListElement":[{"@type":"ListItem","position":1,"name":"Accueil","item":"https:\/\/villa-marcam.com\/fr_fr\/"},{"@type":"ListItem","position":2,"name":"Sanary sur Mer"}]},{"@type":"WebSite","@id":"https:\/\/villa-marcam.com\/#website","url":"https:\/\/villa-marcam.com\/","name":"Villa Marcam","description":"Location saisonnière à Sanary sur Mer dans le Sud de la France","potentialAction":[{"@type":"SearchAction","target":{"@type":"EntryPoint","urlTemplate":"https:\/\/villa-marcam.com\/?s={search_term_string}"},"query-input":{"@type":"PropertyValueSpecification","valueRequired":true,"valueName":"search_term_string"}}],"inLanguage":"fr-FR"}]}</script>
<!-- / Yoast SEO Premium plugin. -->

Sanary-sur-Mer est une commune française et une station balnéaire située dans le département du Var, en région Provence-Alpes-Côte d'Azur.

Location saisonnière à Sanary sur Mer dans le Sud de la France
